-n*b = -12*b + 20. Calculate k(b).
11
Let z(h) = -h**3 - 5*h**2 + 2*h - 3. Suppose 2*g + 10 = -3*m - 11, -g - 23 = 4*m. What is z(m)?
-13
Suppose -21 = -o - 3*q, -4 + 0 = -q. Let y(p) = 4 - o*p - 8*p**2 + p**3 - 4 + 5. Determine y(9).
5
Let v be ((-6)/4)/(2 + (-22)/8). Let h(t) = -5*t**2 - v + 1 + 2*t + 4*t - 4*t. Calculate h(-2).
-25
Let v(h) = -3*h - 1. Suppose 4*p = 3*l + p + 12, -4*l + p - 1 = 0. Let x be (l + 0)/((-5)/10). Let u(k) = -k**3 - k**2 + 3*k + 3. Let m be u(x). Determine v(m).
-4
Let d(l) be the second derivative of l**5/40 + l**4/8 + 17*l**3/6 - 3*l. Let i(o) be the second derivative of d(o). Determine i(-2).
-3
Let v(l) = -l - 5. Suppose 11*g + 32 = 3*g. What is v(g)?
-1
Let r(o) be the second derivative of -o**3 - 1/12*o**4 + 20*o + 0 - o**2. Suppose 35 = -f - 4*f. Calculate r(f).
-9
Let d = 50/17 - 183/68. Let j(t) be the first derivative of d*t**4 - 3 + 3*t**2 - 5/3*t**3 - 4*t. Calculate j(4).
4
Let v = 963 + -961. Let c(q) = 1. Let s(r) = -3*r. Let l(z) = -2*c(z) - s(z). Calculate l(v).
4
Let g(l) = -2*l + 55. Let c(p) = 7*p - 155. Let u(h) = -6*c(h) - 17*g(h). Give u(-1).
3
Let h(k) = 7*k + 1. Let z(v) = -7*v - 2. Let d be z(-3). Let a = 20 - d. Calculate h(a).
8
Let i(j) = -j**3 - 6*j**2 - 2*j - 2. Let f = -891 - -885. Determine i(f).
10
Suppose d - i + 2*i = 3, -4*i = 0. Let p(z) = 7*z - 1. Give p(d).
20
Let a(n) be the first derivative of -n**6/120 - n**5/60 - n**3/6 + 4*n**2 + 18. Let b(t) be the second derivative of a(t). What is b(-2)?
3
Let f = -548 + 559. Let t(v) = -3*v + 27. Calculate t(f).
-6
Suppose 3 = 535*v - 534*v. Let x(i) = 3*i**2 + i - 4. Give x(v).
26
Let z(j) = j**2 - 9*j + 3. Let w = 72 - 64. Calculate z(w).
-5
Let k(p) = 6*p**2 + 2*p + 1. Let q(f) = 21*f + 20. Let n be q(-1). Calculate k(n).
5
Let h(l) be the second derivative of 2*l**3/3 - 5*l**2/2 + 243*l. Give h(2).
3
Let m(c) be the third derivative of c**4/24 + 2*c**3 - 6*c**2. Let o be m(-9). Let t(f) = 0*f**3 + f**2 - 2*f + 1 + 3*f**3 - 2*f**o. Determine t(-2).
1
Let x be (14 + -18)/((-4)/(-6)). Let p(c) = -15*c - 19. Let m(w) = -7*w - 9. Let n(j) = x*p(j) + 13*m(j). Let g be (3/(-2))/((-2)/(-8)). Give n(g).
3
Let z(l) = l**2 - 2*l - 1. Let h(o) = -o. Let d(f) = 13*f - 26. Let w(i) = d(i) + h(i). Let x be w(2). What is z(x)?
7
Let v(f) = -5*f + 64. Let m = 104 + -93. Calculate v(m).
9
Let t(u) be the third derivative of u**6/120 + 7*u**5/60 - u**4/4 - 5*u**3/6 + 41*u**2 + u. Give t(-8).
-21
Let x(t) be the third derivative of t**5/60 - 5*t**4/12 + t**3/3 + 219*t**2. Calculate x(11).
13
Let q(f) = f**2 - 9*f + 9. Let c be (1 - 0/2)*(-392)/14. Let z = c + 36. Calculate q(z).
1
Let t(a) = -69*a + 5 - 6 + 75*a + 3 - a**2 - 3. Let q = 6 + -3. What is t(q)?
8
Suppose 0*j - 3*j = 42. Let w = 16 + j. Let y(m) = -4 + 0 - 2*m - 3*m + 0 + m**w. Give y(3).
-10
Let h(a) be the second derivative of 0 - 1/3*a**3 + a**2 + 15*a. Calculate h(-7).
16
Let c(s) = s - 1. Let d be 42/(-9) + (-2)/(-3). Let o(i) = 4*i - 2*i + 1 - 2*i - 3*i. Let m(v) = d*c(v) - o(v). Give m(3).
0
Let y(o) = 11*o - 4. Let v(h) = -5 - 1 - 4*h + 5 + 2. Let a(j) = -17*v(j) - 6*y(j). Let p(z) = z**2 - 8*z + 5. Let b be p(8). What is a(b)?
17
Let p(h) = 2*h**2 - 27*h - 98. Let s be p(-3). Let m(i) = -3*i**2 - 1. Let v(t) = t**2 - t. Let a(r) = -m(r) + v(r). Determine a(s).
4
Let c = 13 + -11. Suppose 10 = -2*b + 2*x, 4*b + 0*b = -c*x - 26. Let d(u) = -20*u**2 + 6. Let o(n) = -39*n**2 + 11. Let f(q) = b*o(q) + 11*d(q). Give f(-1).
14
Let l(n) = -n**3 + n**2 + 2*n - 4. Let x be (3/(9/2))/(70/(-315)). Calculate l(x).
26
Let r(k) be the third derivative of -k**5/60 + k**4/4 + 3*k**3/2 - 2*k**2. Suppose -g + 40 = 2*g + 4*o, 5*g = 4*o + 24. Give r(g).
-7
Let f(a) be the second derivative of -a**4/8 + 2*a**3/3 - 5*a**2 + 20*a. Let d(x) be the first derivative of f(x). Determine d(3).
-5
Let m(u) = -u**3 - 6*u**2 + 2*u - 2. Suppose -r = -n + 3, 5*r = -4*n - 31 - 2. What is m(r)?
-37
Let z(u) = u**2 - 1. Suppose -5*q - 96 = -71. Let j(o) = 2*o + 8. Let b be j(q). What is z(b)?
3
Let h be (1 - 0 - -2) + -9. Let z be h*((-8)/3)/4. Let l(n) = -n - 4. Give l(z).
-8
Let o be (-55)/(-25) + 16/20 + 75. Let k(a) = 152 + 3*a - o - 73. Give k(-3).
-8
Let x(u) = u**2 + 5*u + 3. Suppose -12*i - 25 = -17*i. Suppose l - 10 = -3*z - 0*z, -l + i*z = 30. Give x(l).
3
Let k(n) = 2*n - 1. Let g be (-1)/2 + (-295)/(-10). Let j = 38 - 65. Let p = j + g. Give k(p).
3
Let y(f) = 4*f**3 + 12*f**2 - 11*f - 4. Let j(i) = -5*i**3 - 13*i**2 + 12*i + 4. Let s(c) = 5*j(c) + 6*y(c). Let k be 10 + -1*(4 - 0). Calculate s(k).
-4
Let d(a) = -a**3 + 4*a**2 + 3*a + 6. Suppose -5*x = 2*m - 63, 2*m + 4 = 4*x + 22. Let q = -66 - -80. Let z = m - q. What is d(z)?
-4
Let v(o) = -4*o. Suppose -2*m = -5*h, -30 = -5*h + m - 5*m. Let a be -2*((-1)/(-2) + h). Determine v(a).
20
Let v(z) be the second derivative of -z**4/4 - 2*z**3/3 - z**2 - 27*z + 87. Suppose 2 + 4 = -3*h. What is v(h)?
-6
Suppose 3*y = -3*v - 24, y - 14 = -2*v - 25. Let o(g) = -g**2 + 2*g. Calculate o(y).
-35
Let l(y) = -2*y + 5. Suppose -66 = 5*d - 4*p, 0 = 3*d + 56*p - 57*p + 34. Calculate l(d).
25
Let q = 4/83 + 59/498. Let h(x) be the third derivative of 1/60*x**5 + 0*x - 2*x**2 + 0 - 1/3*x**4 + q*x**3. Calculate h(6).
-11
Let k(w) = -w**3 + 13*w**2 - 8. Let s = -1468 - -1481. Calculate k(s).
-8
Let z = 162241/120 + -1352. Let p(x) be the third derivative of -z*x**6 + 0*x - 1/60*x**5 + 0 + 1/24*x**4 - 1/2*x**3 + x**2. Determine p(0).
-3
Let k(h) be the second derivative of 1/12*h**4 + 21*h + 5/2*h**2 + 0 + 5/6*h**3. Let s(y) = -5*y**2. Let t be s(-1). Give k(t).
5
Let z(n) = -n**2 + 3*n + 3. Suppose -48*i = -70*i - 66. What is z(i)?
-15
Let d be 3/(-6)*6/3. Let p(t) = -6*t**2 - 6*t + 6. Let i(f) = 5*f**2 + 5*f - 6. Let y(k) = 5*i(k) + 4*p(k). Let v(m) be the first derivative of y(m). Give v(d).
-1
Let u(m) = 4*m - 1. Let b be u(2). Let i(f) = 10*f - b*f**2 - 5 - 4*f + 8*f**2. Determine i(-7).
2
Let z(l) = 5*l**3 + 13*l**2 - 5*l + 6. Let n(i) = i**3 + 2*i**2. Let o(y) = -4*n(y) + z(y). Determine o(-5).
31
Let z(x) = -x - 3. Suppose -2*g - g + 2*f + 11 = 0, 11 = g + 3*f. Suppose 5*y - 10 = -5*r + 10, -5*r + g*y - 20 = 0. Suppose r*s = 3*s + 12. Give z(s).
1
Suppose 5*s - n = 5 + 1, 0 = -4*n - 4. Let k(g) = -24*g + s + 8*g + 9*g + 3. Calculate k(3).
-17
Suppose -2*k = 4*n - 48, 0 = n - 2*k - 3 + 1. Let m be n/(-2 - 0) + 3 - -8. Let b(r) = -r. Determine b(m).
-6
Let z(h) = -4*h**2 - 1. Let t be (14/21)/(4/18). Suppose q = 62 - 47. Suppose -t*w - q = -3*o, -3*w = 3*o + 9 - 0. Determine z(o).
-5
Let s = 11 - 5. Let i = 6 - s. Let m(j) = 0*j**3 + 4 - 2*j**2 + 1 + j**3 + j + j**2. Calculate m(i).
5
Let u = 4 + -7. Let k(r) = 6*r**3 + 4*r**2 + 4*r - 19. Let n(h) = -7*h**3 - 4*h**2 - 5*h + 22. Let b(y) = 6*k(y) + 5*n(y). Give b(u).
8
Suppose 0 = -73*p - 162 + 527. Let u(y) = y**2 - 2*y + 7. Give u(p).
22
Let k(n) = 7*n**3 + 5*n**2 + 3*n + 2. Let s(v) = 8*v**3 + 6*v**2 + 4*v + 3. Let m(i) = 4*k(i) - 3*s(i). What is m(-1)?
-3
Let l(k) = k**3 + 3*k**2 - 5*k + 1. Suppose -a - p - 1 = 12, 2*a = 4*p - 38. Let x be (11/(-1))/((-2*2)/(-4)). Let n = a - x. Give l(n).
5
Let p(c) = 3*c + 23. Let f(y) = y + 10. Let v(h) = -7*f(h) + 4*p(h). What is v(-6)?
-8
Let b(d) be the second derivative of -d**3/6 + 7*d**2/2 + 4*d + 2. Calculate b(7).
0
Let h(l) = 3*l**2 - l + 6. Let m(n) = -2*n**2 - 3. Let z(x) = -3*h(x) - 5*m(x). What is z(0)?
-3
Suppose 3*p - b - 11 = 0, -7 = 3*p + 4*b + 7. Let q(c) = -4*c + 3*c + 4*c**p + 5 - 3 + c**3 + c**2. Calculate q(-5).
7
Let t = 23 - 6. Let s = -3 + t. Let m(l) = 3 - s*l + 9*l - 2 + 5 - l**2. Give m(-6).
0
Let v = -353 + 350. Let d(g) = -g**3 - 3*g**2 - 2*g - 3. Calculate d(v).
3
Let q(l) = -l**2 - 2 - l**3 - 4 + 5*l - 3*l**2. Suppose -105*j + 6 = -102*j. Suppose 3*v + 8*m + 10 = 3*m, -4*v = j*m + 18. What is q(v)?
-6
Let f(x) = -x**3 - 10*x**2 - x - 13. Suppose -u - 4*u - 50 = 0. What is f(u)?
-3
Let y(u) = -u**3 - 13*u**2 + 2*u. Let n = -1217 - -1204. Determine y(n).
-26
Let k(y) be the third derivative of -y**6/120 + 3*y**5/20 + y**3/2 - 3*y**2 - 94*y. Suppose -2*c + 0 = 3*b - 19, -4*c = 4*b - 20. Calculate k(b).
3
Let n(v) = -2*v**3 + v**2 - 2*v + 2. Let z(a) = 3*a**3 - 2*a**2 + 3*a - 3. Let d(u) = -5*n(u) - 3*z(u). Let x = -2 - -4. Suppose x*c = -3*c -